osite number?
False
Is 5061143 prime?
False
Is 222587 composite?
False
Is 26822 prime?
False
Is 191929 a prime number?
True
Is 56107 a prime number?
False
Is 8407 composite?
True
Is 683 a composite number?
False
Is 44831 composite?
True
Is 28271 a composite number?
True
Is 356023 a prime number?
True
Is 47237 a prime number?
True
Is 26101 prime?
False
Is 449 prime?
True
Is 133639 prime?
False
Is 72497 composite?
False
Is 21547 a prime number?
False
Is 60226 composite?
True
Is 83279 prime?
False
Is 49871 composite?
False
Is 939 a prime number?
False
Is 9089 prime?
False
Is 9293 composite?
False
Is 18553 prime?
True
Is 5197 a prime number?
True
Is 372829 prime?
True
Is 4127 composite?
False
Is 238841 a composite number?
False
Is 1883 prime?
False
Is 39781 a composite number?
True
Is 666907 prime?
False
Is 11797 composite?
True
Is 187 composite?
True
Is 385433 prime?
True
Is 13873 a composite number?
False
Is 237959 a composite number?
False
Is 1439 a composite number?
False
Is 81161 a prime number?
False
Is 4391 prime?
True
Is 304295 a prime number?
False
Is 6121 a composite number?
False
Is 8759 a composite number?
True
Is 1151 a composite number?
False
Is 2872931 prime?
False
Is 177109 a composite number?
False
Is 223233 a prime number?
False
Is 399827 composite?
True
Is 2360797 composite?
False
Is 2659109 a prime number?
False
Is 1117 prime?
True
Is 66043 a composite number?
True
Is 941923 a prime number?
False
Is 1657 prime?
True
Is 5041 a composite number?
True
Is 100865 composite?
True
Is 40778 prime?
False
Is 50361 composite?
True
Is 2758141 a composite number?
False
Is 851 composite?
True
Is 4414 a prime number?
False
Is 621913 a composite number?
False
Is 816643 composite?
True
Is 101037 prime?
False
Is 94489 a composite number?
True
Is 1586467 prime?
True
Is 3639 composite?
True
Is 4873 composite?
True
Is 17698 a composite number?
True
Is 83199 prime?
False
Is 1847 a prime number?
True
Is 87959 prime?
True
Is 1598159 a prime number?
False
Is 218245 a prime number?
False
Is 5969 a composite number?
True
Is 21313 a composite number?
False
Is 773207 composite?
False
Is 533693 prime?
True
Is 325987 composite?
False
Is 8659 a prime number?
False
Is 57973 composite?
False
Is 182593 prime?
True
Is 14479 prime?
True
Is 48709 composite?
True
Is 149 a composite number?
False
Is 23401 a composite number?
True
Is 31957 prime?
True
Is 3278167 prime?
False
Is 3163 composite?
False
Is 369713 a prime number?
False
Is 200639 prime?
True
Is 3310201 a composite number?
False
Is 457187 a prime number?
False
Is 48947 composite?
False
Is 839 composite?
False
Is 11519 composite?
False
Is 247495 composite?
True
Is 31469 a prime number?
True
Is 5297 prime?
True
Is 259717 composite?
False
Is 107791 composite?
False
Is 1296679 prime?
True
Is 5791 a composite number?
False
Is 15401 composite?
False
Is 25243 a prime number?
True
Is 59507 a composite number?
True
Is 130957 a prime number?
True
Is 2170567 composite?
True
Is 11273 a prime number?
True
Is 445837 composite?
True
Is 2747 prime?
False
Is 6886943 composite?
True
Is 173969 a prime number?
True
Is 49613 a composite number?
False
Is 19171 prime?
False
Is 7427 a prime number?
False
Is 303997 a composite number?
False
Is 4673 prime?
True
Is 19901 composite?
True
Is 1901 a composite number?
False
Is 26041 a prime number?
True
Is 1105231 a prime number?
True
Is 32599 a composite number?
True
Is 907031 a prime number?
True
Is 135259 a prime number?
False
Is 524851 a composite number?
True
Is 248701 a prime number?
True
Is 62383 a prime number?
True
Is 21101 a prime number?
True
Is 1193311 composite?
True
Is 2569 a prime number?
False
Is 27539 composite?
False
Is 80777 composite?
False
Is 412819 a prime number?
False
Is 156833 a prime number?
True
Is 1243 prime?
False
Is 2443582 a prime number?
False
Is 51767 a prime number?
True
Is 562561 a composite number?
True
Is 3054353 prime?
True
Is 77179 a composite number?
True
Is 25073 a composite number?
False
Is 1934 a prime number?
False
Is 7711 a composite number?
True
Is 1501231 composite?
True
Is 134747 a composite number?
True
Is 1361 prime?
True
Is 793742 prime?
False
Is 10531 a prime number?
True
Is 1181 prime?
True
Is 126353 a composite number?
True
Is 79503 a prime number?
False
Is 254273 a composite number?
True
Is 1300321 composite?
True
Is 8501 composite?
False
Is 1517 prime?
False
Is 34757 composite?
False
Is 259861 composite?
True
Is 117155 prime?
False
Is 218357 a composite number?
False
Is 143 a composite number?
True
Is 5911 a composite number?
True
Is 28879 a composite number?
False
Is 3377 a prime number?
False
Is 2773 a composite number?
True
Is 34793 prime?
False
Is 98633 a prime number?
False
Is 52627 a composite number?
False
Is 34667 a composite number?
False
Is 1597 a prime number?
True
Is 800369 composite?
True
Is 253 composite?
True
Is 183437 a prime number?
True
Is 179147 a prime number?
False
Is 286453 composite?
False
Is 23399 composite?
False
Is 1274621 prime?
True
Is 28913 composite?
True
Is 321547 prime?
True
Is 556931 a composite number?
False
Is 101719 prime?
True
Is 6547 a prime number?
True
Is 180667 a prime number?
True
Is 1743151 a prime number?
False
Is 3058817 a composite number?
False
Is 81841 a prime number?
False
Is 13649 a prime number?
True
Is 1991845 a prime number?
False
Is 4501 composite?
True
Is 9338465 prime?
False
Is 13303 a prime number?
False
Is 325865 a prime number?
False
Is 18203 a composite number?
True
Is 25687 prime?
False
Is 1255 a prime number?
False
Is 13558 a prime number?
False
Is 853 prime?
True
Is 39421 a prime number?
False
Is 43327 composite?
True
Is 782547 a composite number?
True
Is 14221 prime?
True
Is 9839 prime?
True
Is 221465 composite?
True
Is 136943 a prime number?
True
Is 234683 a composite number?
False
Is 919511 a composite number?
False
Is 34283 prime?
True
Is 55277 prime?
False
Is 147853 prime?
True
Is 131731 prime?
True
Is 22141 composite?
True
Is 4471 prime?
False
Is 2923 prime?
False
Is 7613 composite?
True
Is 324671 a composite number?
True
Is 637669 composite?
False
Is 5939 composite?
False
Is 17401 composite?
False
Is 20323 prime?
True
Is 1494205 a prime number?
False
Is 2491985 a composite number?
True
Is 16741 a composite number?
False
Is 8263 composite?
False
Is 5381 prime?
True
Is 11215 prime?
False
Is 106909 a prime number?
False
Is 364709 a composite number?
True
Is 5261 composite?
False
Is 886241 prime?
True
Is 8983 a composite number?
True
Is 103613 a prime number?
True
Is 279281 prime?
False
Is 24019 composite?
False
Is 910361 prime?
True
Is 103043 a composite number?
False
Is 3743 a composite number?
True
Is 3217 a composite number?
False
Is 206133 prime?
False
Is 11387 prime?
False
Is 647261 composite?
False
Is 8501 a composite number?
False
Is 67315 a prime number?
False
Is 94971 composite?
True
Is 2887 a composite number?
False
Is 288019 a prime number?
False
Is 138049 composite?
True
Is 13397 composite?
False
Is 11597 composite?
False
Is 24155 a prime number?
False
Is 447067 prime?
True
Is 1459 composite?
False
Is 2231 composite?
True
Is 768311 composite?
True
Is 214379 a prime number?
False
Is 91621 prime?
True
Is 332179 prime?
True
Is 19769 a prime number?
False
Is 1634531 a prime number?
True
Is 105797 prime?
False
Is 410063 a prime number?
True
Is 97505 composite?
True
Is 194227 prime?
False
Is 141917 composite?
False
Is 6589 prime?
False
Is 29083 a prime number?
False
Is 236539 prime?
False
Is 20417 a prime number?
False
Is 1141351 a composite number?
False
Is 1020683 a prime number?
True
Is 87817 a composite number?
True
Is 3106 composite?
True
Is 1162303 a prime number?
True
Is 746737 a prime number?
True
Is 5849 prime?
True
Is 438571 composite?
True
Is 4591 composite?
False
Is 178921 a prime number?
True
Is 785203 composite?
False
Is 110879 prime?
True
Is 213751 prime?
True
Is 1535663 a composite number?
False
Is 11015 composite?
True
Is 16239 a prime number?
False
Is 11149 a prime number?
True
Is 135257 prime?
True
Is 87767 prime?
True
Is 2251 prime?
True
Is 268438 composite?
True
Is 206699 a prime number?
True
Is 825577 a composite number?
False
Is 23899 prime?
True
Is 21635 a composite number?
True
Is 1248449 prime?
True
Is 14359 composite?
True
Is 3033